(-16) + (-5)/4. Let z be (v - (-5 - -3)) + 8. Calculate the greatest common factor of 1 and z.
1
Suppose -i + 5*i - 8 = -l, 3*l - 4*i - 8 = 0. Let p(g) = -5*g + 5 - 2 + g**3 - 3*g**2 + 2. Let u be p(l). Calculate the greatest common factor of u and 9.
1
Let j be ((-40)/(-10))/((-2)/(-4)). Calculate the highest common factor of 8 and j.
8
Let v be ((-45)/21 - -3)*-7. Let q = v - -19. What is the highest common factor of q and 117?
13
Suppose 178 = 2*c + 2*k, -5*k + 0*k - 235 = -3*c. Suppose -10*q + 187 = q. Calculate the greatest common divisor of q and c.
17
Let r(y) = -11*y + 0 - 1 + 1. Let m be r(-4). Calculate the greatest common divisor of 4 and m.
4
Let p = 154 + -149. Calculate the highest common factor of p and 10.
5
Suppose 3*a + 3*y = -2*a + 1051, -2*y = -5*a + 1041. What is the greatest common factor of 19 and a?
19
Suppose 2 = l - 7. Let i(p) = -3*p + 2*p + 0*p + 12 - 8*p + p**2. Let w be i(l). Calculate the greatest common divisor of 72 and w.
12
Let f(t) = -7*t + 2 + 6*t + 50*t. Let r be f(2). What is the greatest common factor of 10 and r?
10
Let t(o) = 109*o**2 - 3*o + 2. Let d be t(1). What is the highest common divisor of 12 and d?
12
Let t(x) = -x**2 - 11*x + 15. Let n be t(-9). What is the highest common factor of 231 and n?
33
Let o be (-2)/3 + 2290/15. What is the highest common divisor of 19 and o?
19
Let k(d) = -d + 3. Let q be k(0). Suppose 0*v = -q*v + 15. What is the highest common divisor of v and 35?
5
Let g(t) = 5*t + 2 + 3 + t**2 - 3*t. Let q be g(8). Calculate the highest common divisor of 17 and q.
17
Let o be 6/5*(-5)/(-2). Suppose -o + 26 = -z. Let k = 39 + z. What is the highest common factor of 2 and k?
2
Suppose -4 - 4 = -2*k. Suppose 3*c = 0, -4*c - 2 = -3*w + k. What is the greatest common divisor of 14 and w?
2
Let a be 6/(-27) - (-2)/9. Let h be a + -1 + -2 + 13. Calculate the highest common divisor of h and 2.
2
Let w(l) = -8*l - 3. Let f be 2 - ((-3 - 0) + 7). Let m be w(f). What is the greatest common divisor of m and 65?
13
Let t(n) = n**3 + n + 6. Let r be t(0). Suppose 46 = 4*g - r. Let f = 72 + 32. Calculate the highest common factor of g and f.
13
Suppose 9*z - 10*z = 0. Suppose z = -7*r + 68 + 121. Let o(j) = 2*j**2 + 2*j - 3. Let k be o(2). What is the greatest common divisor of k and r?
9
Suppose 0 = 5*o - 3*o - 6. Let s be ((-4)/2)/2 - o. Let k(v) = 2*v**2 + 7*v + 6. Let r be k(s). What is the greatest common divisor of r and 70?
10
Suppose 4*i + 8 = 2*u, -24 = -5*u + 2*u + 2*i. Calculate the highest common factor of u and 80.
10
Let r(m) = -2*m**2 - 6*m + 0*m + 1 + 3*m**2. Let i be r(-5). Suppose -2*x + i = -x. Calculate the greatest common divisor of x and 7.
7
Let d be (36/(-15))/((6/165)/(-1)). Calculate the highest common divisor of d and 33.
33
Let l(k) = -k**3 + 32*k**2 - 32*k + 55. Let u be l(31). Calculate the greatest common factor of u and 108.
12
Let b(s) = 2*s**2 + 3*s - 1. Let o be b(2). Let t be 39 - 0/(-2 - 0). Calculate the highest common factor of t and o.
13
Suppose 3*y - 42 = -3*n, y = -3*y - 2*n + 60. Calculate the greatest common divisor of 8 and y.
8
Let y = 106 - 18. What is the greatest common divisor of 8 and y?
8
Suppose -j + b + 20 = 0, -100 = 3*j - 8*j - 3*b. What is the highest common divisor of j and 4?
4
Let f be 3 + 12 - (-3)/(-3). Suppose -4 = -2*v, -4*s + 454 = 2*v + v. Calculate the greatest common divisor of s and f.
14
Let m = -2 - -35. What is the highest common divisor of 3 and m?
3
Suppose 4*l - 71 - 73 = -5*n, 0 = 3*l + 12. Let h = -3 - -11. What is the greatest common divisor of h and n?
8
Suppose -2*b = 4*l - 18, 5*l + 3*b + 2*b = 35. Suppose -135 = l*q - 3*q. Calculate the greatest common divisor of 15 and q.
15
Let a(f) = -f**2 + 13*f + 4. Let l be a(12). Suppose 1 = -n + s + 31, l = -4*s. What is the greatest common factor of n and 286?
26
Suppose 5*z + 3 + 2 = 0. Let k = z + 3. Let f(g) = 34*g + 2. Let q be f(k). Calculate the greatest common divisor of 7 and q.
7
Let s(k) = k - 2. Let v be s(6). Let j = 8 - v. Suppose -c + j*c = 24. Calculate the greatest common divisor of 88 and c.
8
Let q be -12*(-2)/(-6)*-2. Let z = -7 + 11. Suppose -2*v + z*v - q = 0. Calculate the greatest common factor of v and 4.
4
Suppose 0 = -2*b + 6 - 2. Suppose 5*f - 92 = 4*w + 18, 0 = 5*f + b*w - 140. What is the highest common factor of 39 and f?
13
Let r be (-2)/4 - 54/(-4). Let i = 283 + -7. Suppose 10 = 2*t - i. What is the greatest common factor of r and t?
13
Let p be -1 - (1 + -1 - 52). What is the greatest common divisor of 17 and p?
17
Suppose 9 = -d + 2*y, -6 - 8 = -4*d - 2*y. Calculate the highest common divisor of d and 7.
1
Suppose -4*k + 11 = -61. What is the highest common factor of 54 and k?
18
Let q(i) be the first derivative of -3 + 3*i - 3/2*i**2. Let r be q(-4). Calculate the greatest common divisor of r and 5.
5
Let z be 6*4*(-2)/(-6). Suppose 4*l + z - 40 = 0. Suppose -204 = -3*c + 3*w, 3*c + 0*w = -2*w + 224. What is the greatest common divisor of l and c?
8
Suppose 2*i = r + 3*r - 24, 3*r + i = 23. Suppose 19 - r = 3*g. Calculate the greatest common divisor of 44 and g.
4
Let o = -4 - -4. Let w(q) = -q**3 + q**2 + q. Let p be w(o). Suppose -s = -5*h + 12, 3*h + 6 = 5*s - p*h. What is the greatest common factor of s and 27?
3
Suppose 6 = -4*j + j. Let q be (6/(-9))/(j/9). Let b be 5/3 - (-8)/(-12). Calculate the greatest common divisor of b and q.
1
Let x be (-4)/18 + 662/(-18). Let m be x/(-7) + (-32)/112. What is the highest common divisor of 20 and m?
5
Let i(h) = h**2 - 3*h - 2. Let g be i(4). Suppose 0 = -2*l - g*l + 24. Suppose 3*c + l = 15. Calculate the greatest common factor of 27 and c.
3
Suppose -4*m + 7*m - 36 = 0. Let o be 35 + -2 - (5 + -2). Calculate the greatest common divisor of o and m.
6
Suppose -t = 3*h - 63, -5*h = -t + 39 + 48. Calculate the greatest common divisor of t and 18.
18
Suppose -2*h = -w - w - 24, 2*h - w = 20. Let q = h - 11. Let z be 1 + 45/((-9)/q). What is the greatest common divisor of z and 24?
8
Let r(b) = -2 + 64*b + b**2 + 7 - 54*b. Let l be r(-10). Calculate the highest common factor of l and 25.
5
Suppose r - 4*r = -5*w + 147, 4*w + r - 104 = 0. Suppose 3 = 2*s - 15. Suppose -s = -4*p + w. What is the highest common divisor of 27 and p?
9
Suppose 1 = 3*v - 2. Let c(q) = -9*q**2 + 5 + 1 + q**3 + 2*q + 2*q + 4*q. Let f be c(8). Calculate the highest common factor of v and f.
1
Let q(w) = 35*w - 2. Let l(b) = -70*b + 3. Let t(z) = 3*l(z) + 5*q(z). Let x be t(-2). Calculate the greatest common factor of x and 23.
23
Let d be 41/(-4) + 2/8. Let c = 14 + d. Suppose 3*a - 142 = -2*a + s, 5*a + c*s - 132 = 0. Calculate the highest common divisor of 4 and a.
4
Suppose 0 = z + 3*u - 2, -z - u + 2 + 0 = 0. Let n be 1/2 + 9/z. Calculate the greatest common divisor of n and 20.
5
Let l be 18/4*(-748)/(-6). Let w = l - 361. Suppose 0*q + 5*q - w = 0. Calculate the greatest common factor of 16 and q.
8
Let f = 4 + 1. Calculate the greatest common factor of 55 and f.
5
Let m = 60 + -42. Let h(d) = d + 1. Let b be h(5). Calculate the greatest common divisor of b and m.
6
Suppose 0 = -3*b + 16 + 8. What is the greatest common factor of 24 and b?
8
Let u = -13 + 15. Calculate the greatest common divisor of 6 and u.
2
Let m(f) = 5*f**2. Let z be m(6). What is the highest common divisor of z and 20?
20
Suppose 0 = -c + 3 - 0. Suppose -2*g - 33 = -3*g. Calculate the highest common factor of g and c.
3
Suppose 9*u - 7*u = 14. Calculate the greatest common divisor of 49 and u.
7
Suppose -l - 4*l + 4*i + 43 = 0, -3*l + 3*i + 24 = 0. What is the highest common factor of 55 and l?
11
Suppose -o + 4 = o. Suppose 6*k - 15 = k. Suppose -3*l - 2*b - 4 = 0, l - k*l + b = -9. What is the highest common divisor of o and l?
2
Suppose -5*z - 7 = 3. Let g be -2 + (2 - 28)*z. Let u be g/6 - 4/(-6). Calculate the greatest common factor of 27 and u.
9
Suppose p + 3*p + 1 = t, -4*t - 12 = 0. Let c = 3 - p. Suppose 3*s - 37 = k, 0*s + s - 17 = 5*k. What is the highest common factor of c and s?
4
Suppose 0 = -3*i + 17 + 10. Suppose 3*t - 12 = 4*v, v - 5*t - i = 4*v. Let r be (-265)/(-3) + v/9. Calculate the greatest common factor of 11 and r.
11
Let m be (-8)/(-28) - (-12)/7. Let w = -1 - -3. What is the highest common factor of w and m